Let o be 3/(-7) + 3741/b. What is the highest common factor of q and o?
9
Suppose 408*f - 406*f - 136 = 0. Let n = -2305 + 2509. What is the highest common factor of n and f?
68
Let k be 5/(-2)*(-1824)/15. Suppose 33*r - 304 = 29*r + 5*b, -4*r - 4*b = -k. Calculate the greatest common factor of r and 4.
4
Suppose 0 = -101*t + 102*t + 2*b - 42, 5*t - 105 = 5*b. Let f(i) = 48*i**2 + 2*i - 1. Let z be f(1). What is the highest common divisor of t and z?
7
Suppose -2*r + s = 5, 13*s - 9*s + 30 = -2*r. Let m be (-8)/(-60) - (r + (-176)/30). Calculate the greatest common divisor of 33 and m.
11
Let c be -3 + 7 + -223 + -2 - -5. Let s = 272 + c. Let l = 107 - -33. Calculate the highest common divisor of s and l.
28
Let s be ((-5)/(-2))/(6/(-72)). Let x = 5 + s. Let t be (-210)/x*10/4. What is the greatest common factor of t and 189?
21
Let y = 345 - 211. Let q be (1/2)/(-1)*(0 - y). Suppose 5*d = -q + 82. What is the highest common factor of d and 39?
3
Let l = -13670 - -14139. What is the greatest common divisor of 259 and l?
7
Let y = -4496 + 4882. What is the greatest common factor of y and 16?
2
Suppose 8*m - 3*m - 3*y - 16 = 0, -10 = -m + 4*y. Let j be 3 - ((-8)/m)/(11/11). What is the highest common divisor of 63 and j?
7
Suppose -5*a = -0*a - 115. Suppose -13581 = -84*j + 11535. Calculate the highest common divisor of j and a.
23
Let f be 11 + (-6 + 5)*5. Suppose -16 = -f*w + 8. Suppose -3*d + m = -4*m - 160, 4*m = -w*d + 256. Calculate the highest common factor of 36 and d.
12
Suppose -4*z - 19 = -5*z. Suppose 0 = -2*s + q + z, 2*s + 11 = -0*s - 5*q. Suppose 39*t - 54*t + 15 = 0. What is the highest common factor of t and s?
1
Let u be (2/1 - 4)*(-11 - (16 + -26)). What is the highest common divisor of u and 103?
1
Let i = 39007 - 38787. What is the greatest common factor of i and 25850?
110
Let s be -5*1 - 285*6/(-18). Calculate the greatest common divisor of 126 and s.
18
Let r(c) = -2*c + 56. Let d be r(10). Suppose 90 - 21 = 5*f - 3*w, 0 = 4*f + 4*w - d. Suppose -p + 0*p = -60. Calculate the highest common divisor of p and f.
12
Suppose 6*q = -3*j + 3294, -4*q - 4*j + 2065 = -123. What is the highest common factor of q and 57?
19
Suppose -5*c = 3*r + 3, 3*c + 2 = -7. Suppose -75 = -2*g + s - 4*s, -r*s - 32 = -g. Let n be -6*3/21*-28. Calculate the greatest common factor of g and n.
12
Suppose -l - 11196 = 5*l. Let b be l/(-10) - 50/(-125). Let s = 2 + 15. Calculate the highest common factor of b and s.
17
Suppose 3*y = -0*j - 2*j + 85, 0 = 4*y + 20. Suppose 9879*r = 9880*r - 10. Calculate the highest common divisor of r and j.
10
Let g(l) = l**3 - 75*l**2 + 326*l + 174. Let i be g(75). What is the greatest common factor of 18 and i?
18
Let t = 97 - 85. Let n be 6*3/27 - 208/(-12). Calculate the highest common divisor of t and n.
6
Suppose 220 = -24295*o + 24300*o. Calculate the highest common factor of 2112 and o.
44
Suppose 22*p = 19*p - 5*h + 1, 3*p - 3*h + 39 = 0. Let n(j) = -j**3 - 8*j**2 - 9*j + 2. Let g be n(p). Calculate the highest common factor of 74 and g.
74
Let w = -1506 - -1809. Calculate the highest common divisor of w and 1919.
101
Let i be (39/(-6))/((-20)/64040). Suppose -40*r + 2547 = -i. What is the greatest common factor of 73 and r?
73
Let r(u) = -6*u + 85. Let x = 61 - 56. Let z be r(x). What is the highest common factor of 275 and z?
55
Suppose 0 = 4*a + a + 4*r - 287, -4*a - r + 223 = 0. Suppose -19*v + 325 = -a. What is the highest common divisor of 380 and v?
20
Suppose -5*y + 4*p = -561 - 80, 0 = -3*p + 18. Calculate the highest common divisor of 665 and y.
133
Let c be (6/(-4))/((-30)/60). Suppose 56 = 2*i + 4*u, -c*i + 97 = i + 5*u. What is the greatest common divisor of i and 12?
6
Let i(q) = 40*q + 322. Let h be i(-8). What is the highest common factor of 97 and h?
1
Suppose 11*o + 7*o - 10226 = 11554. Calculate the highest common divisor of 55 and o.
55
Let s = 106 - 16. Suppose -15*j = -10*j - s. Suppose 0 = -j*b + 20*b - 16. What is the highest common factor of 32 and b?
8
Suppose 74*t - 19925 - 32237 = 14216. Let f(a) = 2*a**3 - 3*a**2 + 3*a + 3. Let l be f(3). What is the highest common factor of l and t?
39
Let j be (-2)/(-64 - (-84414)/1320). Let c = 39 - -3. Let l be 4/(-10) + c/5. Calculate the highest common factor of l and j.
8
Suppose 0 = -1829*u + 1882*u - 2226. Suppose -2*b - 3*b = -210. What is the greatest common divisor of b and u?
42
Let f be (-826)/49 - -17 - (-44854)/14. Suppose -f - 1731 = -47*v. What is the highest common factor of 105 and v?
105
Let a be (4 - 0) + 8 + -142. Let d be (-45)/(-30)*a/(-3). What is the greatest common divisor of 39 and d?
13
Let q = -70 + 84. Let a be -4*6/(-12)*q/4. Let i(b) = b - 1. Let m be i(8). What is the greatest common factor of m and a?
7
Let k(s) = 2*s**3 - 72*s**2 + 175*s - 65. Let g be k(35). Calculate the greatest common divisor of g and 19.
19
Let d(x) = -2*x**3 + 8*x**2 + 52. Let f be d(5). Calculate the greatest common divisor of 150 and f.
2
Suppose -6*k - 6 = -372. Let r = 26 + k. Calculate the greatest common factor of r and 3.
3
Suppose 17*w - 10*w - 1400 = 0. Let x(z) = 12*z**2 - 42. Let d be x(-4). What is the greatest common divisor of d and w?
50
Let i = 42 - -13. Suppose -5*h - 2*h = 4025. Let k = h + 597. What is the highest common factor of k and i?
11
Suppose -31*q - 1241 = -10841 - 66846. What is the greatest common factor of q and 7124?
274
Suppose -47 - 28 = -5*r. Suppose 4*n - 39 = -123. Let u be 3 + 1 + (n - -22). Calculate the greatest common factor of r and u.
5
Suppose 45*t + 4*r = 43*t + 2568, 2*t = 2*r + 2556. What is the highest common factor of 448 and t?
64
Suppose -28*t + 404 - 243 = -399. Calculate the greatest common factor of t and 125.
5
Suppose 24*b - 20*b = -8. Let o be ((-16)/(-4) - 3)*(-78)/b. Let t be o/65 + (-214)/(-10). Calculate the highest common factor of t and 242.
22
Suppose 2518*x - 20979 = 2481*x. What is the highest common divisor of 7 and x?
7
Let a = 350 - 341. Suppose 10 = 2*v, -a*v + 13*v + 660 = 4*s. What is the highest common divisor of 34 and s?
34
Let h(f) = -f**2 + 20*f + 1111. Let n be h(0). Calculate the greatest common factor of n and 404.
101
Let h = 28 - 26. Suppose 60 = 2*w + h*v, -5*w + 8*v = 3*v - 200. Let r be (-984)/(-14) + (-12)/42. What is the highest common factor of r and w?
35
Let q be (45 - 15)/90 + (-328)/(-6). What is the greatest common factor of 580 and q?
5
Let g = 47959 - 47551. Calculate the greatest common divisor of 792 and g.
24
Let t be 2/(-10)*-5 + -18. Let n = -7 - t. Suppose -170 = n*p - 12*p. What is the greatest common divisor of 17 and p?
17
Suppose 2*w = 3*p - 66, p + 4*w - 32 = 8*w. Suppose 26 = h + p. Suppose -7 = -2*s + 11. Calculate the greatest common factor of h and s.
3
Let s(g) = 4*g**2 + 2*g + 8. Let x be s(-6). Let r = 36 + -34. Let y = r + 33. Calculate the greatest common factor of y and x.
35
Let z(p) = -p + 7. Let x be z(12). Let f be -1*0*2/8 - x. Suppose f*q - 358 = 2. Calculate the highest common divisor of 18 and q.
18
Suppose 4*i + 2*k - k - 1286 = 0, -5*k = 10. Let f = 628 - 582. What is the greatest common divisor of f and i?
46
Let h = -978 - -1014. Let o = 66 - 54. What is the greatest common divisor of h and o?
12
Let b(v) = -v**2 - 19*v - 18. Let r be b(-17). Suppose -r = 6*p - 10*p. Let g be 3/(10 - -2) - (-259)/p. Calculate the greatest common factor of 13 and g.
13
Suppose 10*x + 5 - 25 = 0. Suppose -3 - 16 = -3*i + x*o, 3*o + 26 = 4*i. Calculate the highest common factor of i and 65.
5
Suppose -v - 335 = -d, -226*d + 231*d - 3*v = 1685. What is the highest common divisor of 3230 and d?
170
Suppose 3*j + 13 - 25 = 0. Suppose 0 = -j*o + 7*o - 252. What is the highest common divisor of 28 and o?
28
Suppose -58*x + 63*x - 10 = 0. Suppose -4*l = -x*l - 12. Calculate the highest common divisor of l and 24.
6
Let o(a) = 19*a + 61. Suppose 4*t + 34 - 22 = 0. Let i be o(t). What is the greatest common divisor of i and 50?
2
Suppose 2*j = -2, -81 - 81 = -2*a + 4*j. Let z = 63 - a. Let x be ((120/z)/(-1))/(1/14). What is the greatest common factor of x and 15?
15
Suppose 42*d - d - 3746 = 4495. Calculate the greatest common factor of 6 and d.
3
Suppose -6*g = -3*g - 117. Let v = 197 - -581. Suppose 2*u + 199 = p, v = 4*p + 2*u - u. 